 are the prime factors of f(5)?
3, 5
Let j(g) = g**3 + g**2 - 1. Let b be (-1)/(-3) + (-3)/9. Let l be j(b). Let u = 9 - l. List the prime factors of u.
2, 5
Let a = 5 + -5. Suppose 68 + 72 = 4*c. Suppose 5*l - c = -a. List the prime factors of l.
7
Suppose -n - 2*n + 6 = 0. Let p be (-4)/(-6) + 4/(-6). Suppose u + p - n = 0, -u = -2*v + 14. What are the prime factors of v?
2
Let d = 58 - 31. What are the prime factors of d?
3
Let d(x) = -x - 8. Let j be d(-6). List the prime factors of (j/3)/((-2)/21).
7
Let q be (-1134)/(-49) - 1/7. Let b = q - -6. What are the prime factors of b?
29
Suppose 28 - 4 = -4*a. Let t be -4 - (13 - (0 - -3)). Let f = a - t. List the prime factors of f.
2
Let u be 8/20 - 8/(-5). Suppose 0 = -5*y + 12 - u. What are the prime factors of y?
2
Let w(i) = i + 4. Let c be w(9). Let a = 21 - c. What are the prime factors of a?
2
Let a(k) = -k - 4. Let t(r) = -r - 2. Let m(p) = -4*p**3 - p - 1. Let s be m(-1). Let j be t(s). What are the prime factors of a(j)?
2
Let z be (-2)/(-8) - (-99)/(-12). Let d = 5 + z. Let c = 11 - d. What are the prime factors of c?
2, 7
Suppose 3*n + n - 8 = 0. Suppose -n*u - 81 = 4*p + u, 3*p + 5*u = -47. What are the prime factors of (p/(-10))/((-6)/(-30))?
2, 3
Let d(l) = l**2 + 11*l + 3. Let v be d(-11). Let j(z) = 6*z + 5. What are the prime factors of j(v)?
23
Let b(a) = a**3 + 7*a**2 + 5*a - 4. What are the prime factors of b(-5)?
3, 7
Suppose -5*q = -3*m - 650, -3*q - m + 537 = q. List the prime factors of q.
7, 19
Let j(a) = -8*a - 5. Let d be j(-5). Let s = d + -18. What are the prime factors of s?
17
Let g be (-8)/44 - 18/22. Let t be (g - -8)*2/7. Suppose v + 5 = 0, 0 = 5*l + t*v - 0*v - 60. What are the prime factors of l?
2, 7
Suppose 2 = -2*g + 3*g. Suppose -x - 3*h + 87 = 4*x, -3*x = -g*h - 37. What are the prime factors of x?
3, 5
Suppose -12*z + z = -44. List the prime factors of z.
2
Suppose w = 2*t - 2*w + 13, w = 3*t + 9. Let s be (-2)/(-2) - (t - -3). Suppose 0 = y - s - 12. What are the prime factors of y?
2, 3
What are the prime factors of (348 + -18)*4/6?
2, 5, 11
Suppose -106 = -6*c + 4*c. List the prime factors of c.
53
Suppose t = -3*t. Suppose -a + 5*z = -14, -z + 50 = 2*a - t*z. List the prime factors of a.
2, 3
Suppose 0 = p + 4*p. Let n = -2 + p. List the prime factors of ((-1)/n)/((-2)/(-40)).
2, 5
Suppose -5 = -5*p + 120. Suppose p = 5*u, u = -2*h - u + 62. List the prime factors of h.
2, 13
Let d(r) = -r**3 + 10*r**2 + 11*r + 2. Let j be d(11). Suppose -3*m = 3*n - 90, -4*n + n = j*m - 92. What are the prime factors of n?
2
Let z(w) = w**3 - 9*w**2 + 6*w - 10. Let r be z(7). Suppose p - 2 + 4 = 0, 3*t + 2*p + 28 = 0. List the prime factors of (-3)/12 + r/t.
2
Let r(i) = -2*i - 3. Let g be r(-4). Suppose g*m - 9 = 2*m. Suppose 2*c + y = 10, -m*y = -c + 2*c. What are the prime factors of c?
2, 3
Suppose 4*g - 2 = 5*o + 18, 0 = -5*g + 5*o + 20. Suppose 3*f + 3*z - 8*z = g, 0 = -z. List the prime factors of f + 0 + -2 + 7.
5
Let d = 2 - -2. Suppose t - 1 = 4. Suppose -3*h = 4*v - 9, -t*h + 1 = -d*h + 2*v. List the prime factors of h.
7
Let k(m) be the first derivative of -9*m**2/2 - m - 1. Suppose -5*p = -o + 8, -p - 2*o + 8 = o. List the prime factors of k(p).
2
Suppose -7*m + 24 = -4*m. Let h = -11 - -4. Let t = m - h. What are the prime factors of t?
3, 5
Let y(o) = 2*o - 23. Let i be y(8). Suppose 5*z + 44 = 2*q, -4*z = 1 + 7. Let c = q + i. List the prime factors of c.
2, 5
Let h(d) = -3*d. Let v be h(-1). Suppose -15 = -3*t - v. What are the prime factors of t?
2
Let t = -1575 + 692. Let n = 1255 + t. What are the prime factors of 6/(-21) + n/28?
13
Let v = -9 - -5. List the prime factors of 8 + v + (-1 - 0).
3
Let m(r) = r**3 + r**2 - 1. Let t(u) = 5*u**3 + 12*u**2 - 8. Let n(y) = -6*m(y) + t(y). Let z be n(6). Let c = 4 + z. List the prime factors of c.
2
Suppose 0 = -4*t + t + 15. Suppose -2*f + 3*a + 46 = 0, -2*a - 133 = -t*f + a. List the prime factors of f.
29
Let y(o) = 5*o - 3. Let a be y(2). Suppose -3*l + 4*l + a = 3*r, 2*l - 3*r - 1 = 0. Let d = 19 - l. What are the prime factors of d?
11
Suppose -3*d + 53 = 2*g + 2*g, -16 = -2*g + 2*d. Suppose -49 = -3*x - 2*o - g, 8 = x - 4*o. List the prime factors of x.
2, 3
Let u be 4 - (1 + 1 - 0). List the prime factors of (-9 + u)*(4 + -5).
7
Let p(n) be the first derivative of -n**3/3 - 3*n**2/2 + 3*n - 2. Let c be p(-3). Suppose -b + 4*f + 1 = -5, -b + c*f + 5 = 0. List the prime factors of b.
2
Let c(m) = -3*m + 1. Let w(t) = -8*t + 2. Let f(u) = 11*c(u) - 4*w(u). Let g be f(-6). Suppose 5*k + p = 50, -g = 2*k - k + 4*p. List the prime factors of k.
11
Let x(g) = 6*g**2 + 3 - 2*g**3 - 3*g**3 - 5*g + 4*g**3. What are the prime factors of x(5)?
3
Suppose -13 = -v + b + 10, 3*b - 106 = -4*v. List the prime factors of v.
5
Suppose 2*r = -2*r + 156. List the prime factors of r.
3, 13
Let h(j) = -j**3 + 8*j**2 - 22. List the prime factors of h(5).
53
Let m = 149 - 51. List the prime factors of m.
2, 7
Suppose 5*f - 184 = 191. What are the prime factors of f?
3, 5
Let g = 5 + -10. Let f(m) = -m**3 - m**2 + 3*m - 6. Let n(r) = 2*r**3 + 3*r**2 - 6*r + 11. Let u(p) = -5*f(p) - 3*n(p). List the prime factors of u(g).
7
What are the prime factors of 1 + 154 - 0/(2 + 3)?
5, 31
What are the prime factors of (-24)/((-9)/12*1)?
2
Let a be (1/((-3)/(-12)))/2. Suppose 4*l = y - 8, 0 + 2 = a*y - l. Suppose y = 3*w + 2 - 17. What are the prime factors of w?
5
Let r be 3/(-12) + (-3)/(-12). List the prime factors of (-9 + r)*4/(-6).
2, 3
Let r(b) = 2*b + 3 - 4 - 2 - 3. Suppose -5*s + 9 = 4*g - 6, 0 = -5*s + 3*g + 50. What are the prime factors of r(s)?
2
Suppose -y = -3*y + 12. Let v(c) = 2*c**3 - 3*c**2 + 1. Let k be v(2). Suppose y*i - 5*i = k. List the prime factors of i.
5
Suppose -5*x + 9 - 24 = -f, x - 5*f + 3 = 0. Let u be ((-2)/x)/(1/(-6)). Let q(l) = l**2 + 2*l - 5. What are the prime factors of q(u)?
3
Let s(z) = z**3 - 4*z**2 - 9*z + 4. List the prime factors of s(6).
2, 11
Suppose 5*t + 12 = -2*x - x, -x - 4 = t. Let g(z) = 2*z**2 + 2*z + 2*z**2 - 3 - 8*z - 3 + z**3. List the prime factors of g(x).
2, 3
Let o = -10 - -15. Let v = 5 - o. Let s(j) = j + 4. List the prime factors of s(v).
2
Let y = 9 - 13. Let v = 16 - y. List the prime factors of v.
2, 5
What are the prime factors of (5 - 2 - 1*-118) + -1?
2, 3, 5
Suppose 0*b = -3*b. Let k be (-1 - -2)*(b + 1). What are the prime factors of (-14)/(-1) - 2 - k?
11
Suppose 0 = -5*w - 16 + 1. Let m(g) be the second derivative of g**4/6 + g**3/3 - 3*g**2/2 - 2*g. What are the prime factors of m(w)?
3
Let s(j) = -10*j + 9*j**2 - 3*j**3 + 11 + 17*j + 4*j**3. What are the prime factors of s(-8)?
19
Let m(b) = -5*b + 1. Let x be m(3). Let v = x - -10. List the prime factors of 6*((-14)/v + -2).
3
Let r = 6 - 1. Suppose r*h + 1 - 26 = 0. List the prime factors of h.
5
Suppose -5*y = -2*y - 162. List the prime factors of y.
2, 3
Let g(m) = m + 1. Let d(s) = -3*s - 14. Let k(i) = -d(i) - 4*g(i). Let t be k(7). Let r = t - -9. List the prime factors of r.
2, 3
Let n(w) = 2 + 11*w - 5 - 6*w. List the prime factors of n(3).
2, 3
Suppose -3*v + m + 416 = 2*v, 0 = 5*v - 4*m - 419. Let o = v - 55. What are the prime factors of o?
2, 7
Let t = -8 - -5. List the prime factors of -1*(-14 - -2 - t).
3
Suppose -o + 5*p = 3*o + 4, -p - 12 = -4*o. Suppose 0*j = -3*l - 2*j - 20, -2*l = -j + o. Let d = 12 + l. List the prime factors of d.
2
Let i(l) = l**3 + 15*l**2 - 3*l - 17. List the prime factors of i(-15).
2, 7
Let l(y) be the second derivative of y**4/12 - 2*y**3/3 - 3*y**2 - 2*y. Let p be l(-5). Suppose -p + 15 = -4*f. What are the prime factors of f?
2, 3
Suppose 5*i + 3 = -y, 3*i = y - 2*y - 3. Let t = y - -11. Suppose 0 = 3*q - 4*q + t. What are the prime factors of q?
2
Let r = 100 + -71. List the prime factors of (0 + r)/(2 - 1).
29
Let q = 2 + -1. Let j be 2 + (q - 4) - -13. Suppose -4*u + j = -2*u. What are the prime factors of u?
2, 3
Let p be (1 + -7)*(-2)/4. Let i be -5 + (p - (-12)/(-3)). What are the prime factors of (-4)/i*84/4?
2, 7
Suppose 0 = -5*d + 3*p - 9, 3*d + 3*p = -p - 17. Let a(x) = x**2 - 1. Let i be a(d). Suppose -j = j - i. List the prime factors of j.
2
What are the prime factors of (-138)/(-5) - 3 - (-12)/(-20)?
2, 3
Suppose -3*d = b - 660, 3*d - 785 +